reatest common factor of 139 and 632033.
139
What is the greatest common divisor of 110 and 17226?
22
Calculate the greatest common factor of 68701 and 39353.
667
Calculate the highest common divisor of 6745 and 1633.
71
Calculate the greatest common divisor of 2987 and 47689.
103
What is the highest common factor of 4920 and 4640?
40
Calculate the greatest common divisor of 1401878 and 226.
226
Calculate the highest common divisor of 162 and 260874.
54
What is the greatest common factor of 409288 and 72?
8
Calculate the greatest common divisor of 1538272 and 424.
424
Calculate the greatest common divisor of 372467 and 59.
59
What is the highest common factor of 175 and 13902?
7
Calculate the highest common factor of 10824 and 367032.
984
What is the highest common factor of 8072705 and 170?
85
What is the highest common divisor of 12575 and 225?
25
Calculate the greatest common divisor of 833 and 6776.
7
What is the greatest common factor of 1496 and 105128?
136
What is the highest common factor of 837 and 6975?
279
What is the highest common factor of 443598 and 306?
102
What is the greatest common divisor of 3041550 and 6?
6
Calculate the highest common factor of 848893 and 1.
1
Calculate the highest common divisor of 747 and 4879404.
747
What is the highest common factor of 535905 and 90?
45
What is the highest common divisor of 3060 and 25551?
153
What is the greatest common factor of 1180 and 82780?
20
What is the highest common factor of 9757 and 22?
11
Calculate the highest common divisor of 19633 and 1537.
29
What is the greatest common divisor of 45 and 1261590?
15
What is the greatest common factor of 362 and 374308?
362
What is the greatest common divisor of 22672 and 443848?
872
What is the greatest common factor of 207 and 442957?
23
What is the greatest common divisor of 2624250 and 12?
6
Calculate the highest common factor of 375 and 540500.
125
Calculate the greatest common divisor of 96 and 18608.
16
Calculate the greatest common divisor of 8686 and 19190.
202
What is the highest common divisor of 768 and 6816?
96
Calculate the greatest common divisor of 2296 and 4536.
56
Calculate the greatest common divisor of 6384 and 2544.
48
What is the highest common divisor of 194 and 4742?
2
What is the highest common divisor of 404784 and 24?
24
Calculate the greatest common factor of 266 and 572852.
14
What is the highest common divisor of 152 and 382717?
19
Calculate the highest common factor of 1721204 and 688.
172
What is the greatest common divisor of 277 and 59?
1
Calculate the highest common factor of 123180 and 6.
6
Calculate the highest common divisor of 876 and 1716.
12
What is the greatest common divisor of 7 and 9898567?
7
What is the greatest common divisor of 4161 and 2337?
57
What is the greatest common divisor of 11800 and 140?
20
What is the greatest common divisor of 29189 and 101?
101
What is the highest common factor of 10062 and 126?
18
What is the greatest common divisor of 10 and 5524?
2
Calculate the greatest common factor of 6486 and 5358.
282
Calculate the highest common divisor of 83336 and 264.
88
Calculate the greatest common divisor of 1194417 and 189.
63
Calculate the highest common factor of 86541 and 2457.
273
Calculate the greatest common factor of 963 and 343149.
321
What is the highest common divisor of 92 and 10588?
4
Calculate the greatest common factor of 97390 and 25.
5
What is the greatest common factor of 3052 and 4796?
436
Calculate the highest common factor of 48 and 236688.
48
Calculate the greatest common divisor of 11573 and 1420.
71
Calculate the highest common divisor of 4063 and 5258.
239
What is the highest common divisor of 496 and 42222?
62
Calculate the highest common factor of 10 and 3401890.
10
Calculate the highest common divisor of 65 and 135.
5
What is the highest common factor of 7584948 and 42?
42
Calculate the highest common factor of 9855 and 7008.
219
What is the greatest common divisor of 555 and 45880?
185
What is the greatest common factor of 291 and 401483?
97
What is the highest common divisor of 3700110 and 4350?
870
What is the highest common factor of 2361 and 1760519?
787
What is the greatest common factor of 242 and 27698?
22
What is the greatest common factor of 5909 and 13072?
19
What is the highest common divisor of 6903 and 147186?
117
What is the greatest common factor of 526 and 764278?
526
What is the highest common divisor of 6167 and 259?
7
What is the highest common factor of 74075 and 15?
5
Calculate the highest common divisor of 2774 and 5396.
38
Calculate the highest common divisor of 8717 and 1035.
23
What is the highest common divisor of 1220 and 324215?
305
Calculate the highest common factor of 272 and 1717.
17
What is the highest common divisor of 1296 and 28?
4
What is the highest common factor of 16416 and 25099?
19
What is the highest common factor of 7474 and 1414?
202
Calculate the highest common divisor of 14 and 241514.
14
Calculate the greatest common factor of 473728 and 512.
128
Calculate the highest common factor of 1035252 and 4023.
1341
What is the highest common divisor of 1822296 and 168?
168
Calculate the highest common divisor of 6 and 55257.
3
What is the highest common factor of 2646431 and 107?
107
What is the greatest common factor of 16400 and 410?
410
Calculate the highest common factor of 185568 and 12.
12
What is the highest common factor of 1110 and 103674?
222
Calculate the greatest common divisor of 130347 and 14.
7
What is the greatest common factor of 486 and 3882?
6
Calculate the greatest common factor of 47677 and 5831.
343
Calculate the highest common divisor of 2970 and 12595.
55
What is the greatest common divisor of 69 and 1599397?
23
Calculate the greatest common divisor of 14 and 1253294.
14
What is the greatest common divisor of 352 and 135586?
22
Calculate the highest common factor of 1680 and 121632.
336
Calculate the highest common factor of 95 and 52554.
19
What is the greatest common divisor of 834 and 46982?
278
What is the greatest common divisor of 58716 and 84?
84
Calculate the highest common divisor of 3790096 and 16.
16
Calculate the greatest common divisor of 1971 and 1467.
9
Calculate the highest common divisor of 828 and 39537.
207
What is the highest common divisor of 415770 and 45?
15
What is the greatest common divisor of 256 and 105856?
128
Calculate the highest common factor of 157191 and 13137.
453
Calculate the highest common factor of 429 and 3732.
3
Calculate the highest common divisor of 334961 and 1221.
407
What is the highest common factor of 7407 and 522605?
823
Calculate the greatest common factor of 2268 and 644.
28
What is the highest common factor of 1984 and 5728?
32
Calculate the highest common factor of 3080 and 4424.
56
Calculate the highest common divisor of 14614924 and 284.
284
What is the highest common divisor of 253985 and 37937?
643
What is the greatest common factor of 109837 and 568?
71
Calculate the greatest common factor of 184 and 19274.
46
What is the greatest common factor of 411 and 231?
3
Calculate the highest common divisor of 8798030 and 30.
10
What is the highest common divisor of 1368 and 3852?
36
Calculate the greatest common factor of 241637 and 121.
121
Calculate the greatest common factor of 2005 and 2807.
401
What is the greatest common divisor of 5212086 and 942?
942
What is the greatest common divisor of 6625 and 198061?
53
Calculate the greatest common factor of 4535 and 45.
5
Calculate the greatest common divisor of 2127474 and 126.
18
Calculate the highest common factor of 23745 and 105.
15
What is the highest common divisor of 2849 and 8701?
77
What is the greatest common factor of 5800 and 20648?
232
What is the greatest common divisor of 1723904 and 962?
962
Calculate the greatest common factor of 290401 and 447.
149
What is the highest common divisor of 6567 and 30?
3
Calculate the greatest common factor of 3136671 and 69.
69
What is the greatest common factor of 2280 and 4845?
285
What is the highest common divisor of 10496 and 5084?
164
Calculate the highest common factor of 1565 and 2170.
5
What is the highest common divisor of 4870 and 1280?
10
Calculate the highest common divisor of 24716 and 508348.
668
Calculate the greatest 